126. What is l(-26)?
-4
Let w(j) = -2*j**2 + 6*j + 9. Give w(4).
1
Let i(d) = d**3 + 6*d**2 + 15*d + 12. Calculate i(-4).
-16
Let q(c) = -7*c**2 - c. Determine q(-1).
-6
Let r(x) = -21*x + 105. Give r(5).
0
Let v(f) = f**2 - 22*f + 92. Give v(5).
7
Let m(z) = 4*z**3 - 3*z - 5. Give m(-1).
-6
Let b(d) = -5*d - 9. Determine b(-7).
26
Let p(a) = a**2 - 15*a - 3. Determine p(13).
-29
Let b(x) = 2*x + 8. Give b(-11).
-14
Let l(w) = -w**2 + 12*w + 9. Give l(12).
9
Let s(i) = -i**3 + 5*i**2 - 3*i + 2. What is s(5)?
-13
Let v(b) = 3*b - 51. What is v(21)?
12
Let k(d) = d**3 + 2*d**2 + d - 5. Determine k(-4).
-41
Let m(p) = p**2 - 6*p + 7. Give m(3).
-2
Let i(s) = 13*s - 76. What is i(6)?
2
Let a(r) = -32*r**2 + 5*r - 13. Give a(2).
-131
Let n(p) = -6*p + 46. Calculate n(7).
4
Let k(p) = 16*p + 24. Calculate k(8).
152
Let c(n) = -n**3 - 14*n**2 + 32*n - 38. Calculate c(-16).
-38
Let s(u) = 3*u**2 - 6*u - 7. What is s(5)?
38
Let s(v) = v**3 - 5*v**2 - 2*v + 8. Give s(5).
-2
Let f(l) = -l**2 - 19*l - 66. What is f(-14)?
4
Let o(k) = -k**2 - 3*k + 4. Calculate o(-4).
0
Let q(h) = -5*h**3 - 2*h**2 + 6*h. What is q(2)?
-36
Let r(t) = t**3 - 26*t**2 + 104*t + 1. Give r(21).
-20
Let v(k) = 9*k**2 - 5*k - 5. Give v(-1).
9
Let w(d) = -d**2 - 8*d - 10. Calculate w(-8).
-10
Let p(l) = -2*l + 4. Calculate p(3).
-2
Let w(g) = -g**2 - 8*g - 8. Calculate w(-8).
-8
Let g(l) = 3*l**2 + 3*l - 4. What is g(-3)?
14
Let w(r) = r**3 - 6*r**2 - 3*r + 6. Give w(7).
34
Let a(s) = -s**3 + 19*s**2 + 41*s - 4. Determine a(21).
-25
Let j(w) = -w**3 + 13*w**2 - 9*w - 6. Determine j(12).
30
Let c(n) = 5*n - 38. Calculate c(9).
7
Let p(h) = 31*h - 150. What is p(5)?
5
Let b(q) = 2*q**3 + q**2 - 4*q + 1. Calculate b(3).
52
Let n(h) = -h**3 - 10*h**2 - 9*h + 12. Calculate n(-9).
12
Let p(v) = v**2 + 5*v + 3. What is p(-5)?
3
Let u(v) = v**3 - 3*v**2 - 40*v + 1. Give u(-5).
1
Let q(u) = -24*u - 19. Calculate q(-1).
5
Let g(h) = -2*h - 6. What is g(-5)?
4
Let h(l) = 2*l - 137. What is h(0)?
-137
Let c(a) = a**2 - 5*a + 3. Calculate c(7).
17
Let a(u) = u**2 + 4*u. Give a(-3).
-3
Let a(y) = -59*y + 414. What is a(7)?
1
Let m(o) = -4*o**2 + 4*o + 2. Determine m(2).
-6
Let q(y) = -3*y**3 + y**2 - y - 1. What is q(-2)?
29
Let x(q) = q**2 - 9*q + 14. Calculate x(7).
0
Let m(g) = g**2 + g - 28. What is m(5)?
2
Let r(i) = -2*i + 27. Calculate r(8).
11
Let d(g) = -g**2 - 4*g - 5. Determine d(-3).
-2
Let r(q) = q**2 - 3*q - 17. Determine r(0).
-17
Let p(y) = -y**3 + 7*y**2 - 6. Give p(7).
-6
Let s(c) = -3*c**3 + 2*c**2 - 4*c + 4. Give s(2).
-20
Let s(w) = 2*w - 36. Calculate s(-8).
-52
Let o(m) = m + 3. Give o(-2).
1
Let q(y) = 6*y**2 - 1. What is q(1)?
5
Let l(x) = x**3 + 25*x**2 - 17*x + 232. Give l(-26).
-2
Let j(x) = x**2 - 47*x + 165. What is j(43)?
-7
Let f(i) = 30*i**2 + 182*i + 24. What is f(-6)?
12
Let m(d) = d**2 + 24*d + 144. Give m(-14).
4
Let t(v) = -4*v - 13. Determine t(-6).
11
Let y(z) = z**2 + 11*z - 12. Determine y(-11).
-12
Let n(v) = -v**3 + 8*v**2 + 16*v + 13. Give n(9).
76
Let b(c) = -3*c**2 + c + 5. Calculate b(3).
-19
Let x(b) = 22*b + 126. Calculate x(-6).
-6
Let j(g) = -g**2 + 11*g - 10. Determine j(10).
0
Let j(x) = 18*x + 131. What is j(-7)?
5
Let o(g) = -g**2 + g - 6. Calculate o(6).
-36
Let t(w) = -46*w - 76. Give t(-2).
16
Let i(q) = q**2 + 4*q + 11. Determine i(-4).
11
Let s(q) = q**3 - 53*q**2 + 46*q + 307. Determine s(52).
-5
Let l(a) = a**3 + 11*a**2 - 2*a - 13. Calculate l(-11).
9
Let c(t) = -2*t**3 + 68*t**2 - 65*t - 24. Calculate c(33).
9
Let d(w) = -w**2 + 18*w - 32. Determine d(16).
0
Let k(o) = 5*o - 185. What is k(37)?
0
Let k(o) = o**2 + 6*o + 3. Determine k(-7).
10
Let a(t) = 85*t - 1522. Calculate a(18).
8
Let q(p) = -22*p - 46. What is q(-3)?
20
Let g(f) = -8*f - 70. Give g(-9).
2
Let b(w) = 2*w**2 + 6*w - 40. Calculate b(-6).
-4
Let f(b) = -36*b + 366. Calculate f(10).
6
Let r(l) = -30*l**2 - l - 1. Give r(-1).
-30
Let d(u) = u**2 + 18*u - 20. Determine d(-15).
-65
Let m(w) = -w**2 + 5*w - 2. Give m(5).
-2
Let o(y) = y**3 + 19*y**2 + 18*y + 3. Calculate o(-18).
3
Let t(b) = -7*b + 38. Calculate t(6).
-4
Let g(k) = -36*k**3 + k**2 - 15*k + 15. Give g(1).
-35
Let s(n) = -6*n**2 + 12*n - 26. Determine s(2).
-26
Let c(l) = 2*l**3 + 10*l**2 - 5*l - 30. Determine c(-5).
-5
Let c(y) = 23*y - 10. Give c(1).
13
Let s(i) = i**3 - 8*i**2 - 3*i + 18. Determine s(8).
-6
Let h(c) = -c**2 - 19*c + 23. Calculate h(-20).
3
Let g(m) = m**3 + 10*m**2 + 14*m - 19. What is g(-8)?
-3
Let y(m) = 2*m**2 + 61*m - 93. Calculate y(-32).
3
Let g(q) = 7*q + 10. Calculate g(-5).
-25
Let h(k) = 2*k**2 + 2*k - 1. Determine h(-2).
3
Let k(j) = 2*j**2 + 12*j + 6. What is k(-10)?
86
Let u(s) = s**2 + 15*s + 17. Determine u(-14).
3
Let c(i) = 3*i + 22. What is c(12)?
58
Let u(c) = c**3 - 11*c**2 - 12*c + 17. Give u(12).
17
Let o(n) = n**2 + 4*n - 6. What is o(-6)?
6
Let u(y) = 4*y**2 - 4*y. Give u(3).
24
Let w(g) = -g**2 - 4*g + 17. Calculate w(-5).
12
Let f(v) = -v**3 + 11*v**2 + 15*v - 15. Give f(12).
21
Let h(p) = p**3 + 6*p**2 - 6*p + 8. Calculate h(-7).
1
Let l(t) = t**3 - 9*t**2 - 13*t + 15. Determine l(10).
-15
Let o(v) = 104*v**2 - 2*v + 1. What is o(1)?
103
Let g(p) = 12*p - 80. Determine g(7).
4
Let c(q) = -62*q - 1427. Determine c(-23).
-1
Let m(r) = 4*r - 10. Determine m(4).
6
Let t(a) = a + 10. Determine t(-8).
2
Let y(u) = -14*u + 6. Determine y(0).
6
Let m(i) = -7*i + 1. Give m(2).
-13
Let d(s) = -86*s - 2. Calculate d(-1).
84
Let f(g) = -3*g + 11. Give f(5).
-4
Let g(l) = -l**3 - 17*l**2 + 2*l + 4. Calculate g(-17).
-30
Let p(b) = b**3 - 14*b**2 + 27*b + 14. Calculate p(3).
-4
Let o(q) = -9*q + 13. What is o(-5)?
58
Let v(m) = m**3 + 47*m**2 + 133*m + 48. Determine v(-44).
4
Let q(u) = -u**2 + 8*u - 5. Calculate q(4).
11
Let k(v) = v**2 + 15*v + 17. Determine k(-14).
3
Let y(z) = 4*z - 7. Give y(-4).
-23
Let n(f) = -f**3 + 5*f**2 - f + 5. What is n(3)?
20
Let k(w) = 2*w + 56. Give k(-10).
36
Let f(t) = -5*t**2 - 6*t - 5. Determine f(-3).
-32
Let b(a) = -a**3 - 15*a**2 + 15*a + 224. Calculate b(-15).
-1
Let x(i) = -4*i + 20. Calculate x(4).
4
Let q(z) = -z - 8. Determine q(7).
-15
Let a(i) = 3*i**2 + 45*i - 48. What is a(-16)?
0
Let a(k) = 5*k**3 + 4*k**2 - 3*k - 6. Determine a(-1).
-4
Let l(d) = 6*d + 4. What is l(-1)?
-2
Let a(f) = -f**2 - 16*f - 21. Calculate a(-14).
7
Let g(q) = -q**3 + 26*q**2 + 28*q - 17. Calculate g(27).
10
Let t(r) = -r**3 - 7*r**2 + 3*r - 11. Give t(-6).
-65
Let k(g) = -12*g + 133. Give k(11).
1
Let v(g) = -15*g**2 + 3*g + 2. Determine v(-2).
-64
Let d(f) = -f + 12. Calculate d(7).
5
Let w(i) = i**3 - 15*i**2 - 16*i + 6. Calculate w(16).
6
Let r(w) = w**3 + 5*w**2 + 5*w + 7. What is r(-5)?
-18
Let r(l) = 4*l**3 - 46*l**2 + 21*l + 1. Calculate r(11).
-10
Let n(k) = -2*k**3 + k**2 - 3*k - 3. Calculate n(-1).
3
Let f(w) = 55*w - 1. Give f(-1).
-56
Let b(g) = 2*g**2 - 46*g - 29. Determine b(22).
-73
Let k(n) = 3*n**2 - 57*n - 67. Give k(20).
-7
Let n(x) = -x**3 + 5*x**2 - 3*x - 3. Give n(3).
6
Let x(l) = 19*l + 317. Give x(-17).
-6
Let r(w) = 5*w**2 - 92*w + 21. What is r(18)?
-15
Let o(v) = -7*v + 61. What is o(15)?
-44
Let g(n) = -n**2 - 7*n + 1. What is g(-8)?
-7
Let c(b) = -b**2 + 13*b + 57. Determine c(16).
9
Let d(u) = -2*u**2 - 8*u - 10. Give d(-4).
-10
Let v(w) = -22*w**3 + 2*w**2 - 1. Calculate v(1).
-21
Let t(q) = -q**3 - 6*q**2 + 18. Determine t(-5).
-7
Let u(z) = -z**3 + 7*z**2 + 12*z - 29. What is u(8)?
3
Let t(u) = -u**3 - u**2 + 4. What is t(3)?
-32
Let v(r) = -r**3 + 7*r**2 - 5*r - 12. What is v(6)?
-6
Let h(i) = -i**2 - 2*i + 3. Determine h(-2).
3
Let k(g) = 183*g + 1. Give k(-1).
-182
Let u(r) = 21*r**2 + 132*r + 42. What is u(-6)?
6
Let h(w) = 2*w**2 + 14*w + 7. Determine h(-7).
7
Let c(j) = 2*j**2 + 14*j + 12. Calculate c(-7).
12
Let h(o) = 8*o**2 - o. Give h(-1).
9
Let u(x) = x**3 - 8*x**2 + x + 5. Calculate u(8).
13
Let n(m) = m**3 + 22*m**2 - m - 18. What is n(-22)?
4
Let v(s) = -s**3 + 12*s**2 + 6*s - 31. Give v(12).
41
Let v(y) = -2*y**2 + 37*y - 56. Determine v(17).
-5
Let f(y) = y - 2. Determine f(5).
3
Let w(d) = d**2 - 4*d + 2. Give w(3).
-1
Let n(i) = -i + 9. Calculate n(7).
2
Let n(r) = r**3 + 2*r**2 + 2*r + 1. Calculate n(-2).
-3
Let y(v) = -8*v**2 - v - 1. Give y(-1).
-8
Let z(k) = -k**3 - 3*k**2 + 6*k + 3. Calcu